5 - (400 + -291)?
-88
What is -22 - (253 - 95 - 67)?
-113
What is (0 - (0 - 113)) + 49 + 48 + -105?
105
Calculate -69 + (27 + 14 + -51 - -35).
-44
What is the value of 0 - 17 - ((8 - 4 - 14) + (-83 - -83))?
-7
Calculate (-8 - -22) + -299 + 374.
89
Calculate (142 + -131 - (5 - -7)) + 26.
25
What is the value of (9 - 36 - 15) + 28 - (4 - -62)?
-80
What is 10 - (23 + -36 + 14)?
9
Evaluate (370 - 334) + -32 + -3.
1
What is the value of (-2 - 0) + 7 - (1356 - 1363)?
12
What is the value of -66 + 19 + 8 - ((-3 + 4 - -4) + -6)?
-38
Calculate -43 + (-3 - (7 + -3)) - (2 - (1 - -7)).
-44
Calculate -70 + (-45 - -92) - -73.
50
Calculate (2 - 18 - (-4 + 4)) + (-4104 - -4157).
37
Calculate -7 + (-35 - 1 - -33) + -69.
-79
55 + -41 + 24 - 36
2
Calculate (4 - -1) + 48 + -17 + -25.
11
Evaluate -58 + 126 - (94 + -42).
16
What is (10 - (81 + -25)) + -9 + 1?
-54
5 - -6 - (20 + -16 - -10)
-3
8 - ((-30 - ((14 - 5) + -3)) + 0)
44
Calculate (24 - 3) + (18 - -11 - 15).
35
What is the value of (95 + -74 - 23) + (24 - -3)?
25
What is (-13 - (1 + -18 - (118 + -129))) + (1 - 2)?
-8
What is the value of 42 + -78 + -57 + 9?
-84
(-1 - -3) + 0 - 8 - (35 + 24 + -4)
-61
(1 - 38 - -6 - 11) + -6
-48
Calculate -78 + 88 + (-7 + (1 - (-1 - 1)) - -19).
25
What is the value of 15 - (18 + (12 - 14)) - 25 - -6?
-20
Evaluate -99 + (-48 - (64 - 179)).
-32
-92 - -127 - 33 - (-75 - 1)
78
Evaluate -17 + -1 + -1 + -923 + 937 - (0 - 64).
59
83 + (34 - 23) + -62
32
Calculate -41 + 10 + -30 + 173 + -14.
98
What is 8 - 30 - (-2 - -7) - (22 - 9)?
-40
Calculate (2 - 61) + (-44 - -37) - (-7 - (20 - 42)).
-81
4 - (61 + (-1 + 1 - -4) + -6)
-55
30 - (133 - 58 - 12)
-33
What is the value of -133 - (-30 + 3 - ((14 - 9) + -23))?
-124
Calculate (13 - (10 + -10 + 6)) + -8 + 20 + 33.
52
What is 1 - 60 - (58 + -143 + 50)?
-24
What is the value of -376 + 387 - (0 + -21) - 96?
-64
80 + 6 + -1 - (-20 + 46 + -20)
79
(-8 - (-3 + 19)) + 81 + -12
45
What is 15 + -130 + 54 + 52?
-9
What is the value of -13 + 52 + -10 + 13 + -5 + -3?
34
What is the value of (95 - (-96 - -200)) + (3 - -34)?
28
What is the value of 1353 - 1453 - (2 + -61)?
-41
What is the value of 9 - (-14 - 38) - -37 - (-3 - -7)?
94
Evaluate (22 - 45) + 56 + -25.
8
What is the value of (-83 - -57) + 24 - -57?
55
What is the value of (23 - -9) + -16 + (8 - 7)?
17
What is (-3 - 3) + (-24 + 86 - 77)?
-21
Evaluate 8 + (1 + -7 - -20) + (79 - (43 - 22)).
80
What is the value of 0 + -30 - ((82 - 88) + (12 - 4))?
-32
Evaluate -68 + ((-84 - -34) + 40 - (-1 - 1) - -8).
-68
What is -36 + (49 - (-12 + -33))?
58
Calculate (9 - (1 - (3 - (-10 - -17)))) + (3 - -39).
46
What is the value of -5 + -81 + -13 + 20?
-79
What is the value of -34 - ((-95 - -80) + (37 - 8))?
-48
What is -3 + (-19 - 4 - -13) + -3 - -12?
-4
Evaluate (-422 - -399 - (0 - 10)) + 92.
79
Evaluate 19 + 0 - (23 + 18 + -21 + -27) - -11.
37
What is the value of (2 - -3 - (391 + -304)) + (-3 - 13 - -2)?
-96
What is -153 - (-76 - 77) - -55?
55
-4 + 4 + -80 + 59
-21
What is 19 + (-2 - (20 - 13)) + (-19 - -1)?
-8
Calculate (-50 - -56) + -11 + 32 + -40.
-13
-6 - 1 - (-32 + 37 + 7 + -12) - -54
47
17 + 7 + 13 - (2 - (-5 - -4 - -8))
42
Evaluate -89 + 63 - (14 - ((1 - -3) + -5 - -5)).
-36
What is the value of 13 + (2 + -3 - 4) + (-97 - -101) - 67?
-55
What is 4 + (-5 - 13) - (122 - (16 + 23))?
-97
What is -19 + 90 + 32 + -143?
-40
What is (20 + -12 - -23) + -3 + -125?
-97
What is the value of ((-10 - 2) + 68 - 1) + -12?
43
40 + (15 - (7 + -1 + -1 - -16))
34
What is -7 - ((26 - 35) + (2 - -23) - 9 - 2)?
-12
16 - (9 - 17 - (-18 - (0 - 2)))
8
Evaluate 19 + (-2 - -5) + (-185 - -197) - 6.
28
-3 + -102 - ((5 - (-50 - -38)) + (-32 - 0))
-90
What is the value of 0 + 1 - (-17 - -37 - ((3 - -14) + 2))?
0
What is 24 + -17 + -12 - 11 - 19?
-35
Calculate 5 - (-40 + (32 - -4) + 12).
-3
Evaluate -11 + -1 + (1035 - 989).
34
-30 + -13 - 53 - -52
-44
What is -219 - -217 - ((-8 + (9 - 5) - 40) + 5)?
37
Evaluate (44 - 59 - -90) + -8.
67
-5 - 23 - ((27 - -17) + -21)
-51
(-21 - -44) + 9 + (47 - 34)
45
Calculate (28 - -3 - -46) + -19 - -12.
70
What is -99 + (-6 - 124 - -195)?
-34
Evaluate -788 + 798 + -74 + 6 + (-5 - -2).
-61
What is (-12 - (10 - 38)) + 23 + (-8 - 0)?
31
Evaluate (3 - (-17 + (8 - -15))) + -25 + 15.
-13
Evaluate -14 + -12 + -13 + 16 - -14 - -135.
126
(89 - (167 + -83)) + (4 + -1 - (-35 + 3))
40
10 + -68 - (125 + -89)
-94
What is the value of (13 - 27) + 13 + -4 + 1 + 3?
-1
Calculate -66 - (-187 - (152 + -132)).
141
Calculate 132 - 140 - (-1 - 5) - -2 - (39 - 1).
-38
Calculate (-1 - 17) + (-3892 - -3954).
44
What is 23 + 1 + 4 + (-4 - 3) + -7?
14
What is the value of 45 + -14 + -82 - (14 + -1 - 1)?
-63
What is the value of (6 + 1 - -1) + (18 - (28 - 7)) + 0?
5
Calculate 17 + (17 - 28) + -18 - 1 - 82.
-95
(-59 - -75) + -121 + (12 - (7 + -3))
-97
Calculate 38 + -1 - (-4 + -32 - -52).
21
(12 + -10 - 7 - (-3 - 24)) + (-11 - -4)
15
(1 + 18 - (-172 - -177)) + -4
10
Evaluate 11 - ((1987 - 1991) + 13 + (0 - 0)).
2
What is the value of 40 + -6 + (-10 - (-10 - (3 + -3))) + 9?
43
Evaluate (-3 - -2) + -5 + 7 - (38 + 1).
-38
Calculate -33 + 1 - (216 - 234).
-14
What is the value of 71 - (-2 - -4) - (1547 - 1543)?
65
What is the value of -424 - -371 - (-8 + 5)?
-50
What is the value of -10 + -18 + (12 - (6 - 9 - -8)) + 2?
-19
Calculate (-2 - ((-1 - 12) + (-205 - -213))) + -13 + 43.
33
Evaluate 13 - (-3 - -5 - 1) - (-79 - -50).
41
What is (-2 - 3) + 6 - (-308 - -327)?
-18
What is the value of -6 + (-6 - -2) + (43 - (-55 + 28)) - 7?
53
What is the value of 0 - (32 - 15) - -48?
31
9 + 24 + -37 + 6 + -28
-26
-14 + (-58 - -28 - -22 - -11)
-11
Evaluate 62 + -17 + (-22 - (35 + -44)).
32
What is the value of 63 + (6 - (18 + -2 - 28))?
81
Evaluate -25 - -2 - (4151 + -4189).
15
Calculate (9 - (0 - -2)) + 0 + 53 + -314 + 157.
-97
What is the value of 8 + -1 + 99 + 20 + -112?
14
What is the value of 32 + (54 - 61) + -96?
-71
What is ((82 - -18) + -82 - (14 + 2)) + 11?
13
What is the value of (-68 - -89 - 35) + 14?
0
Evaluate (7 - (-24 + -2 + 17)) + 5.
21
What is the value of (0 - (0 - 8)) + (44 - (77 + -35 + 0))?
10
What is -36 - (-38 - (2 - 20)) - -42?
26
What is the value of -1 + -1 - (81 + -96) - -4 - 13?
4
-8 + (-29 - -3 - -4) + 8
-22
What is -791 + 791 + (1 - (0 - -1) - (-25 + -16))?
41
Evaluate -12 + (-21 - 0) + 19 + 17 - (37 + 1).
-35
What is (73 - 36) + (171 - 207)?
1
What is the value of (-18 - -12) + 1 - 27 - -19?
-13
What is the value of 7 - (3 - (-18 - -6)) - (11 + -37)?
18
What is the value of -131 + -58 + 310 + -150?
-29
What is -227 + 217 + (3 + 1 + -58 - (-2 + 5))?
-67
Evaluate -1 + -18 + 165 + -143 - 6.
-3
(-2 - -61) + (-3880 - -3831)
10
Evaluate -7 + -10 - -12 - -38 - (15 - 19).
37
Evaluate (-11 - (-13 + 29)) + (-65 - 0).
-92
What is 41 + 9 + (7 - (21 + -7))?
43
Evaluate -7 - -5 - ((-8 - 10 - -75) + -20).
-39
-83 - (35 + -67 + -31)
-20
100 - (57 - -24 - 14)
33
Evaluate -45 + (25 - (26 + -4)).
-42
Evaluate (0 - -1 - (-2 - 0)) + (-22 - (-170 + 139)).
12
What is 8 - 58 - (13 + (-2 - -16 - 14))?
-63
(-75 - -1) + (-3 - (-2 + 2)) + (79 - 68)
-66
(-101 - -53 - (3 + -9 + -5)) + 14
-23
What is the value of 6 + 39 + -11 + -21 + -1 + (-4 - 68)?
-60
Calculate 2 + -4 + (-2 - 21 - (-4 + (-5 - -1))).
-17
Calculate -1 + 7 + -7 + 3 + 4 + -4 + -16.
-14
16 - (48 + -65 + (-1 - -41))
-7
Calculate -1 + 0 + 44 + (3210 - 3245) + (0 - -24).
32
Calculate -49 + 42 - (-5 - (-6 + -1)) - -83.
74
What is (7 - -42) + -51 - 28?
-30
(-17 - 57) + (7 - (4 + (26 - 7) + -7))
-83
Calculate -13 - (-25 - 85) - 9 - -13.
101
Calculate 72 + (28 - 1 - 10) + -25.
64
What is the value of (-13 - -2) + (2859 - 2791)?
57
What is (-54 - (-5 + -24)) + 23?
-2
What is 4 + (-6 - 22) - (15 + -11 - 171)?
143
What is 3 - 56 - (982 + -1014)?
-21
23 - (43 - (-77 - -16))
-81
-78 + 25 + 7 + 56 + -10 + 2
2
What is -1 + 1 + -2 + (-1712 - -1675)?
-39
Calculate 41 + (1 - 17) + (26 - (40 + -9)).
20
Evaluate (-94 - (-15 - (-1 + 3) - -1)) + 17.
-61
Evaluate -23 + (-14 - -11 - 1) + 17 - 16.
-26
Calculate 3 + -45 + -81 + 126.
3
What is -19 + (7 - -6) + -11 + 4 + 3 + 49?
39
What is the value of (21 + -31 - (-3 - (8 + -11))) + (-4 - 11)?
-25
Calculate (-8 - (-5 + 2)) + 64 + -22 + -61.
-24
Calculate -48 + (9 - -1) + 22.
-16
Calculate 7 + 26 + -93 + 56 + (-1 - -17).
12
What is the value of 94 + -1